ivided by 3709.
386
What is the remainder when 45067 is divided by 812?
407
Calculate the remainder when 30730 is divided by 2002.
700
Calculate the remainder when 18534705 is divided by 597893.
22
What is the remainder when 24243867 is divided by 51?
48
What is the remainder when 67616652 is divided by 97?
86
Calculate the remainder when 37173353 is divided by 2030.
2023
What is the remainder when 316589 is divided by 609?
518
What is the remainder when 9986954 is divided by 14?
12
What is the remainder when 1268633948 is divided by 171?
167
Calculate the remainder when 1207112 is divided by 66996.
1184
Calculate the remainder when 3915074 is divided by 239.
15
What is the remainder when 29081523 is divided by 4846919?
9
What is the remainder when 1898209 is divided by 154?
5
What is the remainder when 750549 is divided by 375274?
1
Calculate the remainder when 216163 is divided by 3429.
136
Calculate the remainder when 224892 is divided by 165.
162
Calculate the remainder when 17096133 is divided by 104.
93
Calculate the remainder when 572096 is divided by 3063.
2378
What is the remainder when 1386105 is divided by 41?
18
What is the remainder when 1721978 is divided by 80?
58
What is the remainder when 8217596 is divided by 183?
164
What is the remainder when 19127951 is divided by 2390992?
15
What is the remainder when 88970 is divided by 4864?
1418
Calculate the remainder when 86969 is divided by 1808.
185
What is the remainder when 51050590 is divided by 129?
1
Calculate the remainder when 11906 is divided by 857.
765
Calculate the remainder when 25522293 is divided by 1963253.
4
Calculate the remainder when 229099 is divided by 25.
24
What is the remainder when 2444636 is divided by 814?
194
What is the remainder when 270366011 is divided by 161?
160
Calculate the remainder when 1726489 is divided by 5698.
5693
What is the remainder when 2367889 is divided by 575?
39
What is the remainder when 17220808 is divided by 20698?
72
Calculate the remainder when 238464 is divided by 47.
33
Calculate the remainder when 1288151813 is divided by 7978.
7977
Calculate the remainder when 316791 is divided by 105459.
414
What is the remainder when 153474 is divided by 19154?
242
What is the remainder when 7401169 is divided by 1413?
1288
Calculate the remainder when 225712 is divided by 9.
1
Calculate the remainder when 57517 is divided by 774.
241
Calculate the remainder when 1828659 is divided by 49423.
8
What is the remainder when 61757706 is divided by 84?
66
Calculate the remainder when 90385306 is divided by 2374.
4
Calculate the remainder when 4080 is divided by 2131.
1949
Calculate the remainder when 948448 is divided by 14177.
12766
Calculate the remainder when 172532 is divided by 86257.
18
Calculate the remainder when 631814308 is divided by 15.
13
Calculate the remainder when 101174 is divided by 5386.
4226
Calculate the remainder when 83218771 is divided by 21.
13
What is the remainder when 38376626 is divided by 5482374?
8
What is the remainder when 9901681 is divided by 1039?
11
Calculate the remainder when 513102 is divided by 85491.
156
Calculate the remainder when 196676 is divided by 250.
176
What is the remainder when 12092971 is divided by 362?
361
Calculate the remainder when 1234053 is divided by 496.
5
What is the remainder when 166194372 is divided by 653?
648
What is the remainder when 824003 is divided by 532?
467
What is the remainder when 10074327 is divided by 2698?
2693
Calculate the remainder when 95369741 is divided by 147403.
0
What is the remainder when 20013190 is divided by 79?
41
What is the remainder when 1149433 is divided by 12631?
12
What is the remainder when 7677118 is divided by 192?
190
Calculate the remainder when 40646107 is divided by 2903293.
5
What is the remainder when 264215 is divided by 37742?
21
Calculate the remainder when 73282 is divided by 1673.
1343
Calculate the remainder when 217326 is divided by 10860.
126
What is the remainder when 1377762 is divided by 1592?
682
What is the remainder when 124934808 is divided by 1430?
1428
What is the remainder when 2856271 is divided by 1793?
22
Calculate the remainder when 121696 is divided by 1646.
1538
Calculate the remainder when 377425 is divided by 601.
598
What is the remainder when 1770737 is divided by 354020?
637
What is the remainder when 466271 is divided by 17268?
35
What is the remainder when 5507907 is divided by 89?
53
What is the remainder when 17968052 is divided by 8984019?
14
Calculate the remainder when 120884 is divided by 2535.
1739
Calculate the remainder when 215070 is divided by 109.
13
Calculate the remainder when 34818101 is divided by 665.
31
What is the remainder when 7165 is divided by 52?
41
What is the remainder when 1221034 is divided by 6014?
192
What is the remainder when 21996 is divided by 2182?
176
Calculate the remainder when 949280 is divided by 949242.
38
What is the remainder when 9386873 is divided by 617?
452
Calculate the remainder when 14616005 is divided by 3272.
3253
What is the remainder when 6383156 is divided by 84?
80
Calculate the remainder when 158512 is divided by 991.
943
What is the remainder when 4514305 is divided by 1504645?
370
Calculate the remainder when 110400 is divided by 1971.
24
Calculate the remainder when 310211 is divided by 102970.
1301
Calculate the remainder when 1905039 is divided by 638.
609
Calculate the remainder when 1292258 is divided by 224.
2
What is the remainder when 2739411 is divided by 411?
96
What is the remainder when 1289761 is divided by 1225?
1061
What is the remainder when 68533071 is divided by 18613?
5
Calculate the remainder when 300198 is divided by 12508.
6
What is the remainder when 1280334 is divided by 1129?
48
What is the remainder when 678860 is divided by 3058?
3042
Calculate the remainder when 125730541 is divided by 3596.
3593
What is the remainder when 5705821 is divided by 75?
46
Calculate the remainder when 6148153 is divided by 141.
130
Calculate the remainder when 22998959 is divided by 47129.
7
What is the remainder when 23066455 is divided by 251?
57
Calculate the remainder when 48013240 is divided by 3622.
8
Calculate the remainder when 176434127 is divided by 12.
11
What is the remainder when 9866416 is divided by 74?
70
Calculate the remainder when 243736238 is divided by 87.
83
Calculate the remainder when 3809734 is divided by 42.
40
What is the remainder when 1622333 is divided by 55941?
44
What is the remainder when 73404 is divided by 24369?
297
What is the remainder when 56178 is divided by 2541?
276
Calculate the remainder when 542947818 is divided by 169.
166
What is the remainder when 112588 is divided by 5902?
450
Calculate the remainder when 1346072 is divided by 76.
36
What is the remainder when 156825 is divided by 75827?
5171
What is the remainder when 2430993 is divided by 2050?
1743
What is the remainder when 3997756 is divided by 310?
306
Calculate the remainder when 603348817 is divided by 106.
103
Calculate the remainder when 48829 is divided by 7610.
3169
What is the remainder when 1137099 is divided by 685?
684
Calculate the remainder when 41131663 is divided by 1772.
1771
What is the remainder when 32697 is divided by 16152?
393
Calculate the remainder when 578205 is divided by 28909.
25
Calculate the remainder when 145646 is divided by 409.
42
Calculate the remainder when 5033232 is divided by 279619.
90
Calculate the remainder when 29395990 is divided by 438746.
8
What is the remainder when 1962135 is divided by 1962131?
4
Calculate the remainder when 1497385 is divided by 115180.
45
Calculate the remainder when 506188 is divided by 382.
38
What is the remainder when 173641 is divided by 493?
105
What is the remainder when 10976 is divided by 2369?
1500
What is the remainder when 1220690 is divided by 2806?
80
What is the remainder when 39697489 is divided by 2089337?
86
Calculate the remainder when 11404655 is divided by 30171.
17
What is the remainder when 93224289 is divided by 3007235?
4
What is the remainder when 441693 is divided by 21?
0
What is the remainder when 2099400 is divided by 197?
168
What is the remainder when 28770 is divided by 12594?
3582
What is the remainder when 80642693 is divided by 